0020 = -9*l, -1988 = -n + 4*l. Suppose -2*m = -3*d - 66 - n, -3*d = m - 1055. Is m composite?
True
Let v = 60185 + 74454. Is v a composite number?
False
Is 8/18 + (-498132565)/(-1827) composite?
False
Suppose 0 = -33*c + 17*c + 64. Suppose 6105 = t + 4*u, -c*t - 9932 + 34432 = -4*u. Is t prime?
True
Let q = 18254 - 12543. Is q a composite number?
False
Let i be (5264/42)/(4/30). Suppose f = 3*f - 3*m - 1895, -f = -3*m - i. Suppose f + 0 = 5*h. Is h a composite number?
False
Suppose -35 = -2*f - 5*k - 0*k, 5*k = -5*f + 50. Suppose -5172 = -f*w - j, -2*w - 5*j = -2243 + 165. Let y = w + -568. Is y a prime number?
False
Let q(g) = 40*g - 23. Suppose -3*h + 25 = -4*w, -h - 3*w + 25 = 3*h. Let d(l) = 3*l - 15. Let o be d(h). Is q(o) a composite number?
True
Let p = -3748762 - -5922405. Is p a composite number?
False
Let q = -16743 + 80986. Is q a prime number?
False
Let c(k) = -9988*k - 1677. Is c(-19) a prime number?
False
Let k = 59254 + -29268. Let f = k + -20889. Is f a prime number?
False
Let i be (5 - 5)*(-1)/(-2). Suppose -5*j - n = -i*j - 89, 3*n + 39 = 3*j. Suppose -2*f = -2*c - 252, -396 = -3*f + 2*c - j. Is f a composite number?
False
Suppose -3*q = -4*c + 1960949, -2*q = c - 367556 - 122673. Is c a prime number?
False
Let j(k) = -2*k + 8. Let g be j(-2). Suppose 6*t = 7*t + g. Is 1942/(-2 - t/3) a prime number?
True
Suppose -5*g - 4*d = -3*g + 33242, 0 = g + 4*d + 16611. Let k = g + 33898. Is k a composite number?
True
Let y = -110267 - -219416. Is y a composite number?
True
Let m(w) = -367*w - 70. Let z(h) = -736*h - 141. Let n(q) = 13*m(q) - 6*z(q). Is n(-15) prime?
True
Let a be 5/(-10) - 204/(-8). Suppose 0 = 3*h - 1382 - a. Is h prime?
False
Let l(n) = -3*n + 102. Let i be l(22). Is 2/(-4)*(i/(-4) + -47497) a prime number?
True
Let v(p) = 2*p**3 - 21*p**2 + 14*p - 31. Let c be v(10). Is (-834)/c*(-45)/10 composite?
True
Let s(o) = -o**3 + 199*o**2 - 187*o + 1640. Is s(85) composite?
True
Let p(j) = -j**2 + 6*j + 10. Let h be p(6). Suppose -5*g + 2*g + z - 16 = 0, -5*g + 5*z = h. Is (-553)/(-2)*(g + 9) prime?
False
Let j(f) = 252*f**2 + 2*f + 13. Suppose -k = -5, -4*k = z - 2*z - 15. Is j(z) prime?
True
Suppose -30*f + 8412400 = 52*f - 2*f. Is f composite?
True
Suppose -g = -5*v - 2*g - 4, -3*g = v + 12. Suppose v = 2*b - 5 - 5. Suppose -3*d + 12 = 0, -b*r + 559 = -4*d - 555. Is r a prime number?
False
Suppose 0 = -0*m + 3*m + 12, -2*i - 4*m + 22 = 0. Suppose -i*h = -21*h + 10866. Is h a composite number?
True
Is (-234)/(-243)*71979 - (-5)/225*-5 a composite number?
False
Let w be ((-4)/10)/((-2)/10). Suppose -w*h - h + 2*u = -11961, 11967 = 3*h - 4*u. Is h composite?
True
Suppose -x = 5*j - 6*x - 63090, 3*j - x = 37856. Is j a prime number?
True
Let g(l) = -11*l**3 + 12*l**2 + 17*l + 17. Let d be 86/(-10) - -2 - 6/15. Is g(d) prime?
True
Suppose 0 = 3*k + i - 4*i - 125568, 0 = k - 2*i - 41852. Let n = k + -28365. Is n a composite number?
True
Suppose -25*q + 21*q = -8. Suppose -d + c = -377 - 9137, 2*d + q*c = 19016. Is d prime?
True
Suppose 3*z = -o + 1242, 5*z + 8 - 1260 = -o. Is o prime?
False
Let z(o) be the second derivative of 59*o**4/3 + o**3 - 61*o**2/2 + 2*o - 71. Is z(8) a prime number?
True
Let c(s) be the third derivative of -1/8*s**4 + 0 + 0*s + 1055/6*s**3 - 3*s**2. Is c(0) prime?
False
Let b be 7 + (-6 - (2 - 3)). Suppose 5 = 5*x, -b*x + 4254 = 2*n - 6*x. Is n a composite number?
False
Let m(v) = -1201*v + 921. Is m(-52) composite?
True
Suppose 11*s - 68 = -35. Suppose -s*h = 4902 - 20973. Is h a prime number?
False
Let d be (-2 + 1)*-2 - (-322640)/37. Let r = -5039 + d. Suppose -4*p = -5*p + r. Is p prime?
False
Suppose -b + 27227 = h, -5*h + 189928 = -b + 53805. Suppose c = 21*o - 19*o - 54444, -o + h = c. Is o a composite number?
True
Let f = -257 - -260. Is (-3 - (-1)/(f/12))*3389 composite?
False
Suppose -3*u - 3665 = k, -3*u - u = -3*k - 10982. Let o = k - -7115. Is o a prime number?
False
Is 198857048/676 - 12/52 composite?
False
Let m = -89 - -280. Let p = 378 - m. Is p a composite number?
True
Suppose 14*b = -8*b. Suppose 59*h - 86*h + 30078 = b. Is h prime?
False
Let b = -42 + 48. Is (b + 1)/((-14)/(-13762)) prime?
False
Let x(q) = -4*q**2 - 37*q - 10. Let g be x(-9). Is (14 - -2691)*g/(-5) prime?
True
Let r(a) = -392*a**3 - 180*a**2 + 22*a + 45. Is r(-7) composite?
False
Suppose b + 5*z - 31 = 0, -7 = -2*b + 4*z - 15. Is 148833/27 + (-8)/b + 2 prime?
False
Let h be (1 - -6) + 0/(-2). Let f(z) be the first derivative of z**4/2 + 8*z**3/3 - 7*z**2/2 + 10*z + 1093. Is f(h) composite?
False
Let z(b) be the second derivative of 35*b**4/12 + 5*b**3/6 - 13*b**2/2 + 42*b. Is z(-9) a prime number?
True
Let z be (2810/(-3) + -5)*(7 + -1). Let q = -2920 - z. Let b = q + -359. Is b a prime number?
True
Suppose 2*i = -6, f + i = 5437 + 1086. Suppose 0*n - f = -26*n. Is n a prime number?
True
Suppose 3*t = n + 155, 9*n - 4*n - 161 = -3*t. Suppose -t*h - 373337 = -69*h. Is h prime?
True
Let r = 75 - 38. Let b = r - -144. Let t = -104 + b. Is t a prime number?
False
Suppose -3*b = -4*a + 22, 6*a + 3*b = 5*a - 2. Is (1/((-62022)/(-15506) - a))/(-1) a prime number?
True
Let p be (3 - -1*(-36)/8)*-6. Is ((-17)/(-2))/(p/198) a composite number?
True
Let y(u) = 88791*u**3 + u**2 - 13*u + 10. Is y(1) a prime number?
True
Let c = 0 - -11. Let v(i) be the second derivative of i**4/12 - 4*i**3/3 + 13*i**2/2 - 219*i. Is v(c) a composite number?
True
Let v(h) = 0*h**2 + 6*h**2 + 1240 + 2*h - 5*h**2. Let k be v(0). Suppose -k = -2*w - 350. Is w a prime number?
False
Suppose -4*g = -4*w + 11736, 43*w - 46*w - g + 8822 = 0. Is w a composite number?
False
Suppose -3*l = -0*a + 4*a + 18, 0 = -4*l - 2*a - 24. Let s(o) = -9*o**3 + 3*o**2 - 3*o - 19. Is s(l) a composite number?
True
Suppose -5*y - 345 + 2785 = 0. Suppose -4*u + n + y = 0, 2*u - 621 = -3*u + 4*n. Is u a prime number?
False
Let u(m) = m - 3. Suppose 0 = 7*z - 3*z + 2*z. Let n be u(z). Is (-37961)/(-33) - 2/n composite?
False
Let w = -420 + 482. Suppose w*k - 56604 = 50*k. Is k prime?
False
Is (1 + 38038)*(15/85 - 28/(-34)) composite?
False
Let f(n) be the second derivative of -23*n**3/3 - 213*n**2/2 + 2*n + 13. Is f(-30) prime?
False
Suppose -5*v = -2*v - 6. Suppose -2*j + 4 = -5*q, j - v = 2*q - 3*q. Suppose 5*c = -3*k + k + 2195, 0 = -3*c - j*k + 1321. Is c a prime number?
False
Suppose 3*f - 3*t = 24, 3*t - 8 = -f + 2*t. Suppose 4*o = -20 + f. Is (2/3 - 7/o) + 128 prime?
True
Let u(j) = -20181*j + 208. Is u(-1) a composite number?
False
Let j(g) = 17*g**3 + 13*g**2 + 7*g + 3. Let f(z) = -34*z**3 - 27*z**2 - 15*z - 5. Let y(k) = 4*f(k) + 9*j(k). Is y(8) a composite number?
False
Let q(f) = -f**3 - 35*f**2 - 68*f - 66. Let w be q(-33). Suppose x - 3*z - 8492 = w, 5*x - 3*z - 44443 = -2019. Is x a composite number?
True
Let a(j) be the third derivative of -43*j**4/12 - j**3/2 + 21*j**2 - j. Is a(-7) composite?
False
Let l(d) = -1. Let y(v) = 950*v + 5. Let t(g) = 4*l(g) - y(g). Is t(-19) a composite number?
False
Suppose -18*r + 51*r - r - 18651808 = 0. Is r prime?
False
Is (907508/(-98))/((-6)/(-21)*-1) prime?
True
Let d(u) = 14*u**2 + u - 1. Let v be d(5). Suppose -2*h = 10*g - 11*g, 3*g - 18 = -3*h. Suppose v = y - 5*x, -25 + 763 = 2*y - g*x. Is y a prime number?
True
Let v = -83085 + 139006. Is v composite?
False
Let f(k) be the second derivative of -k**5/20 + 7*k**4/4 + 11*k**3/3 + 7*k**2/2 + 2*k + 2. Let g be f(22). Let c(n) = 304*n + 55. Is c(g) prime?
False
Let x(d) = -14*d - 11. Let o be x(-2). Suppose -o*u - 1023426 = -35*u. Is u prime?
True
Suppose -b = 4*h + 3*b + 8, 3*b = 6. Let x(t) = 26*t**2 - 16*t - 6. Let d(k) = 53*k**2 - 31*k - 11. Let s(r) = 4*d(r) - 7*x(r). Is s(h) prime?
False
Suppose 25 - 5 = 4*i + 2*b, 3*i + 5*b - 22 = 0. Suppose 1013 + 423 = i*k. Suppose 3*v + k = 2786. Is v composite?
False
Suppose -13 = 12*b + b. Let u(g) = -2*g + 5. Let n be u(5). Is -7 - n - (-158 + b) composite?
False
Let j(d) = -3*d**2 - 17*d - 9. Let l be j(9). Let z = 1702 + l. Suppose -z = -5*c + 168. Is c a composite number?
False
Suppose 5*o + 4*s = s + 267233, 106906 = 2*o - 2*s. Suppose 91*j = 102*j - o. Is j composite?
True
Is -223*(1 - 136)/1 + 4 + 0 a prime number?
True
Is (-254034)/(-16) + 61/(-488) a prime number?
True
Let p(b) = 4516*b - 1477. Is p(11) prime?
Fa